{"version":"1.0","type":"rich","provider_name":"Site Pagestec","provider_url":"https:\/\/www.pagestec.org","title":"SUD \u00e9ducation&nbsp;: l\u2019\u00c9tat favorise le priv\u00e9 au d\u00e9triment de l\u2019\u00e9ducation prioritaire","author_name":"Caf\u00e9 p\u00e9dagogique","width":"480","height":"295","url":"https:\/\/pagestec.org\/article4439.html","html":"\u003Ch4 class='title'\u003E\u003Ca href='https:\/\/pagestec.org\/article4439.html'\u003ESUD \u00e9ducation&nbsp;: l\u2019\u00c9tat favorise le priv\u00e9 au d\u00e9triment de l\u2019\u00e9ducation prioritaire\u003C\/a\u003E\u003C\/h4\u003E\u003Cblockquote class='spip'\u003E\n\u003Cp\u003ESud \u00e9ducation publie un communiqu\u00e9 de presse le 17 septembre pour d\u00e9noncer le financement public de l\u2019\u00c9tat , \u00e0 75% des \u00e9tablissements priv\u00e9s, soit 13,8 milliards.. Il d\u00e9nonce les &#171;&nbsp;r\u00e9formes L\u2019article SUD \u00e9ducation&nbsp;: l\u2019\u00c9tat favorise le priv\u00e9 au d\u00e9triment de l\u2019\u00e9ducation prioritaire est apparu en premier sur Le (...)\u003C\/p\u003E\n\u003C\/blockquote\u003E\n"}

SUD éducation&nbsp;: l’État favorise le privé au détriment de l’éducation prioritaire

Café pédagogique

<h4 class='title'><a href='https://pagestec.org/article4439.html'>SUD éducation&nbsp;: l’État favorise le privé au détriment de l’éducation prioritaire</a></h4><blockquote class='spip'>
<p>Sud éducation publie un communiqué de presse le 17 septembre pour dénoncer le financement public de l’État , à 75% des établissements privés, soit 13,8 milliards.. Il dénonce les &#171;&nbsp;réformes L’article SUD éducation&nbsp;: l’État favorise le privé au détriment de l’éducation prioritaire est apparu en premier sur Le (...)</p>
</blockquote>
