{"version":"1.0","type":"rich","provider_name":"Site Pagestec","provider_url":"https:\/\/www.pagestec.org","title":"Une mare \u00e9cologique et connect\u00e9e install\u00e9e dans ce coll\u00e8ge","author_name":"Caf\u00e9 p\u00e9dagogique","width":"480","height":"295","url":"https:\/\/pagestec.org\/article4453.html","html":"\u003Ch4 class='title'\u003E\u003Ca href='https:\/\/pagestec.org\/article4453.html'\u003EUne mare \u00e9cologique et connect\u00e9e install\u00e9e dans ce coll\u00e8ge\u003C\/a\u003E\u003C\/h4\u003E\u003Cblockquote class='spip'\u003E\n\u003Cp\u003EComment allier biodiversit\u00e9 et projet p\u00e9dagogique&nbsp;? La cr\u00e9ation d\u2019une mare au sein d\u2019un \u00e9tablissement offre un support p\u00e9dagogique unique sur le monde vivant. Francis Arnould-Laurent, professeur de SVT, au L\u2019article Une mare \u00e9cologique et connect\u00e9e install\u00e9e dans ce coll\u00e8ge est apparu en premier sur Le (...)\u003C\/p\u003E\n\u003C\/blockquote\u003E\n"}

Une mare écologique et connectée installée dans ce collège

Café pédagogique

<h4 class='title'><a href='https://pagestec.org/article4453.html'>Une mare écologique et connectée installée dans ce collège</a></h4><blockquote class='spip'>
<p>Comment allier biodiversité et projet pédagogique&nbsp;? La création d’une mare au sein d’un établissement offre un support pédagogique unique sur le monde vivant. Francis Arnould-Laurent, professeur de SVT, au L’article Une mare écologique et connectée installée dans ce collège est apparu en premier sur Le (...)</p>
</blockquote>
