{"version":"1.0","type":"rich","provider_name":"Site Pagestec","provider_url":"https:\/\/www.pagestec.org","title":"E. Borne&nbsp;: &#171;&nbsp;Je ne crois pas qu\u2019on attende d\u2019un ministre qu\u2019il soit un sp\u00e9cialiste de ses sujets&nbsp;&#187;","author_name":"Tania Robieu","width":"480","height":"295","url":"https:\/\/pagestec.org\/article4511.html","html":"\u003Ch4 class='title'\u003E\u003Ca href='https:\/\/pagestec.org\/article4511.html'\u003EE. Borne&nbsp;: &#171;&nbsp;Je ne crois pas qu\u2019on attende d\u2019un ministre qu\u2019il soit un sp\u00e9cialiste de ses sujets&nbsp;&#187;\u003C\/a\u003E\u003C\/h4\u003E\u003Cblockquote class='spip'\u003E\n\u003Cp\u003EInvit\u00e9e sur BFMTV le 5 janvier 2025, Elisabeth Borne a d\u00e9clar\u00e9 ne pas \u00eatre &#171;&nbsp;sp\u00e9cialiste&nbsp;&#187; des questions \u00e9ducatives. Une d\u00e9claration qui interroge, apr\u00e8s sa visite pol\u00e9mique \u00e0 Mayotte. L\u2019article E. Borne&nbsp;: &#171;&nbsp;Je ne crois pas qu\u2019on attende d\u2019un ministre qu\u2019il soit un sp\u00e9cialiste de ses sujets&nbsp;&#187; est apparu en (...)\u003C\/p\u003E\n\u003C\/blockquote\u003E\n"}

E. Borne&nbsp;: &#171;&nbsp;Je ne crois pas qu’on attende d’un ministre qu’il soit un spécialiste de ses sujets&nbsp;&#187;

<h4 class='title'><a href='https://pagestec.org/article4511.html'>E. Borne&nbsp;: &#171;&nbsp;Je ne crois pas qu’on attende d’un ministre qu’il soit un spécialiste de ses sujets&nbsp;&#187;</a></h4><blockquote class='spip'>
<p>Invitée sur BFMTV le 5 janvier 2025, Elisabeth Borne a déclaré ne pas être &#171;&nbsp;spécialiste&nbsp;&#187; des questions éducatives. Une déclaration qui interroge, après sa visite polémique à Mayotte. L’article E. Borne&nbsp;: &#171;&nbsp;Je ne crois pas qu’on attende d’un ministre qu’il soit un spécialiste de ses sujets&nbsp;&#187; est apparu en (...)</p>
</blockquote>
