{"version":"1.0","type":"rich","provider_name":"Site Pagestec","provider_url":"https:\/\/www.pagestec.org","title":"Quel avenir pour la r\u00e9forme du choc des savoirs avec Elisabeth Borne&nbsp;?","author_name":"Caf\u00e9 p\u00e9dagogique","width":"480","height":"295","url":"https:\/\/pagestec.org\/article4517.html","html":"\u003Ch4 class='title'\u003E\u003Ca href='https:\/\/pagestec.org\/article4517.html'\u003EQuel avenir pour la r\u00e9forme du choc des savoirs avec Elisabeth Borne&nbsp;?\u003C\/a\u003E\u003C\/h4\u003E\u003Cblockquote class='spip'\u003E\n\u003Cp\u003EEt si la rentr\u00e9e 2025 se faisait sans \u00e9ni\u00e8me r\u00e9forme&nbsp;? Annulation de la mesure phare des groupes de niveau du rapporteur public du Conseil d\u2019\u00c9tat, rejet des syndicats, sur L\u2019article Quel avenir pour la r\u00e9forme du choc des savoirs avec Elisabeth Borne&nbsp;? est apparu en premier sur Le Caf\u00e9 (...)\u003C\/p\u003E\n\u003C\/blockquote\u003E\n"}

Quel avenir pour la réforme du choc des savoirs avec Elisabeth Borne&nbsp;?

Café pédagogique

<h4 class='title'><a href='https://pagestec.org/article4517.html'>Quel avenir pour la réforme du choc des savoirs avec Elisabeth Borne&nbsp;?</a></h4><blockquote class='spip'>
<p>Et si la rentrée 2025 se faisait sans énième réforme&nbsp;? Annulation de la mesure phare des groupes de niveau du rapporteur public du Conseil d’État, rejet des syndicats, sur L’article Quel avenir pour la réforme du choc des savoirs avec Elisabeth Borne&nbsp;? est apparu en premier sur Le Café (...)</p>
</blockquote>
