{"version":"1.0","type":"rich","provider_name":"Site Pagestec","provider_url":"https:\/\/www.pagestec.org","title":"Participez au Forum du Caf\u00e9 p\u00e9dagogique les 22 et 23 mars&nbsp;!","author_name":"Caf\u00e9 p\u00e9dagogique","width":"480","height":"295","url":"https:\/\/pagestec.org\/article4544.html","html":"\u003Ch4 class='title'\u003E\u003Ca href='https:\/\/pagestec.org\/article4544.html'\u003EParticipez au Forum du Caf\u00e9 p\u00e9dagogique les 22 et 23 mars&nbsp;!\u003C\/a\u003E\u003C\/h4\u003E\u003Cblockquote class='spip'\u003E\n\u003Cp\u003ECliquer ici pour d\u00e9poser un projet et participer au Forum 2025 Date limite pour d\u00e9poser les projets&nbsp;: 28 f\u00e9vrier 2025. Apr\u00e8s Rennes, Roubaix, Dax, Lyon, Orl\u00e9ans, Nantes, Bordeaux, Poitiers\u2026 L\u2019article Participez au Forum du Caf\u00e9 p\u00e9dagogique les 22 et 23 mars&nbsp;! est apparu en premier sur Le Caf\u00e9 (...)\u003C\/p\u003E\n\u003C\/blockquote\u003E\n"}

Participez au Forum du Café pédagogique les 22 et 23 mars&nbsp;!

Café pédagogique

<h4 class='title'><a href='https://pagestec.org/article4544.html'>Participez au Forum du Café pédagogique les 22 et 23 mars&nbsp;!</a></h4><blockquote class='spip'>
<p>Cliquer ici pour déposer un projet et participer au Forum 2025 Date limite pour déposer les projets&nbsp;: 28 février 2025. Après Rennes, Roubaix, Dax, Lyon, Orléans, Nantes, Bordeaux, Poitiers… L’article Participez au Forum du Café pédagogique les 22 et 23 mars&nbsp;! est apparu en premier sur Le Café (...)</p>
</blockquote>
