{"version":"1.0","type":"rich","provider_name":"Site Pagestec","provider_url":"https:\/\/www.pagestec.org","title":"Journ&#233;e d&#8217;&#233;tude pour une &#233;ducation technologique","author_name":"Rodolphe PORTEFAIX","width":"480","height":"295","url":"https:\/\/pagestec.org\/article4583.html","html":"\u003Ch4 class='title'\u003E\u003Ca href='https:\/\/pagestec.org\/article4583.html'\u003EJourn&#233;e d&#8217;&#233;tude pour une &#233;ducation technologique\u003C\/a\u003E\u003C\/h4\u003E\u003Cblockquote class='spip'\u003E\n\u003Cp\u003EL\u2019Association Europ\u00e9enne pour l\u2019\u00c9ducation Technologique (AEET) organise une journ\u00e9e d\u2019\u00e9tude pour une \u00e9ducation technologique, le Mercredi 9 avril 2025 \u00e0 l\u2019INSPE de Paris. \n\u003Cbr class='autobr' \/\u003E\nAccueil \u00e0 partir de 8h30 \n\u003Cbr class='autobr' \/\u003E\nLors de cette journ\u00e9e, trois axes de r\u00e9flexion seront abord\u00e9s&nbsp;: \n\u003Cbr class='autobr' \/\u003E\n\ud83d\udccc Construction d\u2019une \u00e9ducation technologique par les objets puis les syst\u00e8mes&nbsp;: Comment op\u00e9rer le passage du micro au macro&nbsp;? \n\u003Cbr class='autobr' \/\u003E\n\ud83d\udccc \u00c9ducation technologique centr\u00e9e sur les objets et les syst\u00e8mes num\u00e9riques&nbsp;: O\u00f9 placer la fronti\u00e8re entre la technologie&nbsp;(...)\u003C\/p\u003E\n\u003C\/blockquote\u003E\n"}

<h4 class='title'><a href='https://pagestec.org/article4583.html'>Journ&#233;e d&#8217;&#233;tude pour une &#233;ducation technologique</a></h4><blockquote class='spip'>
<p>L’Association Européenne pour l’Éducation Technologique (AEET) organise une journée d’étude pour une éducation technologique, le Mercredi 9 avril 2025 à l’INSPE de Paris. 
<br class='autobr' />
Accueil à partir de 8h30 
<br class='autobr' />
Lors de cette journée, trois axes de réflexion seront abordés&nbsp;: 
<br class='autobr' />
📌 Construction d’une éducation technologique par les objets puis les systèmes&nbsp;: Comment opérer le passage du micro au macro&nbsp;? 
<br class='autobr' />
📌 Éducation technologique centrée sur les objets et les systèmes numériques&nbsp;: Où placer la frontière entre la technologie&nbsp;(...)</p>
</blockquote>
