{"version":"1.0","type":"rich","provider_name":"Site Pagestec","provider_url":"https:\/\/www.pagestec.org","title":"Cadre d&#8217;usage de l&#8217;IA en \u00e9ducation","author_name":"Christophe RIEUX","width":"480","height":"295","url":"https:\/\/pagestec.org\/article4665.html","html":"\u003Ch4 class='title'\u003E\u003Ca href='https:\/\/pagestec.org\/article4665.html'\u003ECadre d&#8217;usage de l&#8217;IA en \u00e9ducation\u003C\/a\u003E\u003C\/h4\u003E\u003Cblockquote class='spip'\u003E\n\u003Cp\u003ECadre d\u2019usage de l\u2019IA en \u00e9ducation&nbsp;: Le d\u00e9veloppement rapide de l\u2019IA interroge le monde \u00e9ducatif. Pour en encadrer l\u2019usage \u00e0 l\u2019\u00e9cole, un cadre \u00e9thique et juridique est propos\u00e9 \u00e0 la communaut\u00e9...\u003C\/p\u003E\n\u003C\/blockquote\u003E\n"}

Cadre d&#8217;usage de l&#8217;IA en éducation

<h4 class='title'><a href='https://pagestec.org/article4665.html'>Cadre d&#8217;usage de l&#8217;IA en éducation</a></h4><blockquote class='spip'>
<p>Cadre d’usage de l’IA en éducation&nbsp;: Le développement rapide de l’IA interroge le monde éducatif. Pour en encadrer l’usage à l’école, un cadre éthique et juridique est proposé à la communauté...</p>
</blockquote>
