{"version":"1.0","type":"rich","provider_name":"Site Pagestec","provider_url":"https:\/\/www.pagestec.org","title":"Des cadres d\u2019usage de l\u2019Intelligence artificielle en \u00e9ducation enfin disponibles&nbsp;!","author_name":"Caf\u00e9 p\u00e9dagogique","width":"480","height":"295","url":"https:\/\/pagestec.org\/article4671.html","html":"\u003Ch4 class='title'\u003E\u003Ca href='https:\/\/pagestec.org\/article4671.html'\u003EDes cadres d\u2019usage de l\u2019Intelligence artificielle en \u00e9ducation enfin disponibles&nbsp;!\u003C\/a\u003E\u003C\/h4\u003E\u003Cblockquote class='spip'\u003E\n\u003Cp\u003E&#171;&nbsp;Ce qui ressort de ce texte c\u2019est avant tout la volont\u00e9 de &#171;&nbsp;limiter&nbsp;&#187; les actions de terrain et de &#171;&nbsp;prot\u00e9ger&nbsp;&#187; l\u2019institution&nbsp;&#187; \u00e9crit Bruno Devauchelle au sujet du cadre d\u2019usage de L\u2019article Des cadres d\u2019usage de l\u2019Intelligence artificielle en \u00e9ducation enfin disponibles&nbsp;! est apparu en premier sur Le Caf\u00e9 (...)\u003C\/p\u003E\n\u003C\/blockquote\u003E\n"}

Des cadres d’usage de l’Intelligence artificielle en éducation enfin disponibles&nbsp;!

Café pédagogique

<h4 class='title'><a href='https://pagestec.org/article4671.html'>Des cadres d’usage de l’Intelligence artificielle en éducation enfin disponibles&nbsp;!</a></h4><blockquote class='spip'>
<p>&#171;&nbsp;Ce qui ressort de ce texte c’est avant tout la volonté de &#171;&nbsp;limiter&nbsp;&#187; les actions de terrain et de &#171;&nbsp;protéger&nbsp;&#187; l’institution&nbsp;&#187; écrit Bruno Devauchelle au sujet du cadre d’usage de L’article Des cadres d’usage de l’Intelligence artificielle en éducation enfin disponibles&nbsp;! est apparu en premier sur Le Café (...)</p>
</blockquote>
