{"version":"1.0","type":"rich","provider_name":"Site Pagestec","provider_url":"https:\/\/www.pagestec.org","title":"Les journ&#233;es de la r&#233;paration","author_name":"Laurent Chastain","width":"480","height":"295","url":"https:\/\/pagestec.org\/article4717.html","html":"\u003Ch4 class='title'\u003E\u003Ca href='https:\/\/pagestec.org\/article4717.html'\u003ELes journ&#233;es de la r&#233;paration\u003C\/a\u003E\u003C\/h4\u003E\u003Cblockquote class='spip'\u003E\n\u003Cp\u003E\u00cates-vous pr\u00eat\u00b7e \u00e0 rejoindre le mouvement pour la r\u00e9paration et la durabilit\u00e9 avec les Journ\u00e9es Nationales de la R\u00e9paration&nbsp;? Recherchez des tiers lieux ou cr\u00e9er un \u00e9v\u00e8nement dans votre coll\u00e8ge&nbsp;! - Les journ\u00e9es de la r\u00e9paration\u003C\/p\u003E\n\u003C\/blockquote\u003E\n"}

<h4 class='title'><a href='https://pagestec.org/article4717.html'>Les journ&#233;es de la r&#233;paration</a></h4><blockquote class='spip'>
<p>Êtes-vous prêt·e à rejoindre le mouvement pour la réparation et la durabilité avec les Journées Nationales de la Réparation&nbsp;? Recherchez des tiers lieux ou créer un évènement dans votre collège&nbsp;! - Les journées de la réparation</p>
</blockquote>
