{"version":"1.0","type":"rich","provider_name":"Site Pagestec","provider_url":"https:\/\/www.pagestec.org","title":"Quand l\u2019int\u00e9r\u00eat de l\u2019enfant est un alibi de la r\u00e9duction budg\u00e9taire et de la privatisation du service public d\u2019\u00e9ducation\u2026","author_name":"Caf\u00e9 p\u00e9dagogique","width":"480","height":"295","url":"https:\/\/pagestec.org\/article4721.html","html":"\u003Ch4 class='title'\u003E\u003Ca href='https:\/\/pagestec.org\/article4721.html'\u003EQuand l\u2019int\u00e9r\u00eat de l\u2019enfant est un alibi de la r\u00e9duction budg\u00e9taire et de la privatisation du service public d\u2019\u00e9ducation\u2026\u003C\/a\u003E\u003C\/h4\u003E\u003Cblockquote class='spip'\u003E\n\u003Cp\u003EC\u2019est la rentr\u00e9e des classes pour les \u00e9l\u00e8ves. Le pr\u00e9sident a lanc\u00e9 la convention citoyenne sur les temps de l\u2019enfant. Paul Devin revient dans cette tribune sur l\u2019affirmation de &#171;&nbsp;L\u2019article Quand l\u2019int\u00e9r\u00eat de l\u2019enfant est un alibi de la r\u00e9duction budg\u00e9taire et de la privatisation du service public (...)\u003C\/p\u003E\n\u003C\/blockquote\u003E\n"}

Quand l’intérêt de l’enfant est un alibi de la réduction budgétaire et de la privatisation du service public d’éducation…

Café pédagogique

<h4 class='title'><a href='https://pagestec.org/article4721.html'>Quand l’intérêt de l’enfant est un alibi de la réduction budgétaire et de la privatisation du service public d’éducation…</a></h4><blockquote class='spip'>
<p>C’est la rentrée des classes pour les élèves. Le président a lancé la convention citoyenne sur les temps de l’enfant. Paul Devin revient dans cette tribune sur l’affirmation de &#171;&nbsp;L’article Quand l’intérêt de l’enfant est un alibi de la réduction budgétaire et de la privatisation du service public (...)</p>
</blockquote>
