{"version":"1.0","type":"rich","provider_name":"Site Pagestec","provider_url":"https:\/\/www.pagestec.org","title":"Projet d\u2019am\u00e9nagement des programmes de technologie du cycle 4","author_name":"chrdej","width":"480","height":"295","url":"https:\/\/pagestec.org\/article4803.html","html":"\u003Ch4 class='title'\u003E\u003Ca href='https:\/\/pagestec.org\/article4803.html'\u003EProjet d\u2019am\u00e9nagement des programmes de technologie du cycle 4\u003C\/a\u003E\u003C\/h4\u003E\u003Cblockquote class='spip'\u003E\n\u003Cp\u003ELors de sa s\u00e9ance du 26 juin 2025, le Conseil sup\u00e9rieur des programmes a adopt\u00e9 le projet d\u2019am\u00e9nagement des programmes\u003C\/p\u003E\n\u003C\/blockquote\u003E\n"}

Projet d’aménagement des programmes de technologie du cycle 4

<h4 class='title'><a href='https://pagestec.org/article4803.html'>Projet d’aménagement des programmes de technologie du cycle 4</a></h4><blockquote class='spip'>
<p>Lors de sa séance du 26 juin 2025, le Conseil supérieur des programmes a adopté le projet d’aménagement des programmes</p>
</blockquote>
