{"version":"1.0","type":"rich","provider_name":"Site Pagestec","provider_url":"https:\/\/www.pagestec.org","title":"Salaire des enseignant.es&nbsp;: r\u00e9tablir la v\u00e9rit\u00e9","author_name":"Caf\u00e9 p\u00e9dagogique","width":"480","height":"295","url":"https:\/\/pagestec.org\/article5002.html","html":"\u003Ch4 class='title'\u003E\u003Ca href='https:\/\/pagestec.org\/article5002.html'\u003ESalaire des enseignant.es&nbsp;: r\u00e9tablir la v\u00e9rit\u00e9\u003C\/a\u003E\u003C\/h4\u003E\u003Cblockquote class='spip'\u003E\n\u003Cp\u003EApr\u00e8s le &#171;&nbsp;trop de vacances&nbsp;&#187;, va-t-on vers un &#171;&nbsp;trop pay\u00e9s&nbsp;&#187;&nbsp;? En cette rentr\u00e9e 2026, le matraquage m\u00e9diatique sur le salaire des enseignants ne manquera pas d\u2019\u00e9gratigner encore l\u2019image du corps L\u2019article Salaire des enseignant.es&nbsp;: r\u00e9tablir la v\u00e9rit\u00e9 est apparu en premier sur Le Caf\u00e9 (...)\u003C\/p\u003E\n\u003C\/blockquote\u003E\n"}

Salaire des enseignant.es&nbsp;: rétablir la vérité

Café pédagogique

<h4 class='title'><a href='https://pagestec.org/article5002.html'>Salaire des enseignant.es&nbsp;: rétablir la vérité</a></h4><blockquote class='spip'>
<p>Après le &#171;&nbsp;trop de vacances&nbsp;&#187;, va-t-on vers un &#171;&nbsp;trop payés&nbsp;&#187;&nbsp;? En cette rentrée 2026, le matraquage médiatique sur le salaire des enseignants ne manquera pas d’égratigner encore l’image du corps L’article Salaire des enseignant.es&nbsp;: rétablir la vérité est apparu en premier sur Le Café (...)</p>
</blockquote>
