{"version":"1.0","type":"rich","provider_name":"Site Pagestec","provider_url":"https:\/\/www.pagestec.org","title":"Pagestec en d\u00e9l\u00e9gation rue de Grenelle - 29 ao\u00fbt 2012","author_name":"Pagestec","width":"480","height":"295","url":"https:\/\/pagestec.org\/article52.html","html":"\u003Ch4 class='title'\u003E\u003Ca href='https:\/\/pagestec.org\/article52.html'\u003EPagestec en d\u00e9l\u00e9gation rue de Grenelle - 29 ao\u00fbt 2012\u003C\/a\u003E\u003C\/h4\u003E\u003Cblockquote class='spip'\u003E\n\u003Cp\u003ESuite au courrier envoy\u00e9 d\u00e9but juin au ministre Vincent PEILLON, nous avons \u00e9t\u00e9 re\u00e7us le jeudi 12 juillet 2012 rue de Grenelle par M.&nbsp;Jean-Marie PANAZOL, Doyen des IGEN du groupe \u00e9conomie-gestion, conseiller technique aupr\u00e8s du ministre. \n\u003Cbr class='autobr' \/\u003E\n \tNous avons pu d\u00e9velopper \u00e0 loisir chaque th\u00e8me abord\u00e9 dans le courrier (voir ci-dessous) et un compte-rendu de l\u2019entretien a \u00e9t\u00e9 diffus\u00e9 \u00e0 nos adh\u00e9rents en premier lieu. \n\u003Cbr class='autobr' \/\u003E\n \tLa d\u00e9l\u00e9gation se composait de X. Herbaux, P. Rivoire et C. Fr\u00e9ou, membres du bureau de&nbsp;(...)\u003C\/p\u003E\n\u003C\/blockquote\u003E\n"}

Pagestec en délégation rue de Grenelle - 29 août 2012

<h4 class='title'><a href='https://pagestec.org/article52.html'>Pagestec en délégation rue de Grenelle - 29 août 2012</a></h4><blockquote class='spip'>
<p>Suite au courrier envoyé début juin au ministre Vincent PEILLON, nous avons été reçus le jeudi 12 juillet 2012 rue de Grenelle par M.&nbsp;Jean-Marie PANAZOL, Doyen des IGEN du groupe économie-gestion, conseiller technique auprès du ministre. 
<br class='autobr' />
 	Nous avons pu développer à loisir chaque thème abordé dans le courrier (voir ci-dessous) et un compte-rendu de l’entretien a été diffusé à nos adhérents en premier lieu. 
<br class='autobr' />
 	La délégation se composait de X. Herbaux, P. Rivoire et C. Fréou, membres du bureau de&nbsp;(...)</p>
</blockquote>
