{"version":"1.0","type":"rich","provider_name":"Site Pagestec","provider_url":"https:\/\/www.pagestec.org","title":"Refondons l&#8217;&#233;cole... oui, mais comment&nbsp;?","author_name":"Alain Beitone","width":"480","height":"295","url":"https:\/\/pagestec.org\/article666.html","html":"\u003Ch4 class='title'\u003E\u003Ca href='https:\/\/pagestec.org\/article666.html'\u003ERefondons l&#8217;&#233;cole... oui, mais comment&nbsp;?\u003C\/a\u003E\u003C\/h4\u003E\u003Cblockquote class='spip'\u003E\n\u003Cp\u003ELe 16 f\u00e9vrier 2015 est paru dans Lib\u00e9ration un texte intitul\u00e9 &#171;&nbsp;Refondons l\u2019\u00e9cole&nbsp;&#187;. \n\u003Cbr class='autobr' \/\u003E\nJe pr\u00e9cise d\u2019embl\u00e9e, pour tenter d\u2019\u00e9viter les faux d\u00e9bats, que je suis en accord avec de nombreuses formulations de ce texte et qu\u2019il se trouve parmi les signataires des personnes pour lesquelles j\u2019ai une grande consid\u00e9ration et avec lesquelles j\u2019entretiens des relations cordiales voire amicales. \n\u003Cbr class='autobr' \/\u003E\nD\u2019apr\u00e8s ce que j\u2019ai pu apprendre, les initiateurs du texte ont une intention g\u00e9n\u00e9reuse. Ils souhaitent allumer un contre-feu face&nbsp;(...)\u003C\/p\u003E\n\u003C\/blockquote\u003E\n"}

<h4 class='title'><a href='https://pagestec.org/article666.html'>Refondons l&#8217;&#233;cole... oui, mais comment&nbsp;?</a></h4><blockquote class='spip'>
<p>Le 16 février 2015 est paru dans Libération un texte intitulé &#171;&nbsp;Refondons l’école&nbsp;&#187;. 
<br class='autobr' />
Je précise d’emblée, pour tenter d’éviter les faux débats, que je suis en accord avec de nombreuses formulations de ce texte et qu’il se trouve parmi les signataires des personnes pour lesquelles j’ai une grande considération et avec lesquelles j’entretiens des relations cordiales voire amicales. 
<br class='autobr' />
D’après ce que j’ai pu apprendre, les initiateurs du texte ont une intention généreuse. Ils souhaitent allumer un contre-feu face&nbsp;(...)</p>
</blockquote>
