{"version":"1.0","type":"rich","provider_name":"Site Pagestec","provider_url":"https:\/\/www.pagestec.org","title":"R\u00e9alit\u00e9 virtuelle&nbsp;: vers un enseignement &quot;augment\u00e9&quot;&nbsp;?","author_name":"Fabien Soyez","width":"480","height":"295","url":"https:\/\/pagestec.org\/article688.html","html":"\u003Ch4 class='title'\u003E\u003Ca href='https:\/\/pagestec.org\/article688.html'\u003ER\u00e9alit\u00e9 virtuelle&nbsp;: vers un enseignement &quot;augment\u00e9&quot;&nbsp;?\u003C\/a\u003E\u003C\/h4\u003E\u003Cblockquote class='spip'\u003E\n\u003Cp\u003ELa r\u00e9alit\u00e9 virtuelle et la 3D appliqu\u00e9es \u00e0 l\u2019\u00e9ducation&nbsp;? Les casques \u00e0 r\u00e9alit\u00e9 virtuelle, de type Oculus Rift, gagneront-ils les salles de classe&nbsp;? En France, des lyc\u00e9es professionnels et technologiques testent d\u00e9j\u00e0 ce genre de dispositifs.\u003C\/p\u003E\n\u003C\/blockquote\u003E\n"}

Réalité virtuelle&nbsp;: vers un enseignement &quot;augmenté&quot;&nbsp;?

<h4 class='title'><a href='https://pagestec.org/article688.html'>Réalité virtuelle&nbsp;: vers un enseignement &quot;augmenté&quot;&nbsp;?</a></h4><blockquote class='spip'>
<p>La réalité virtuelle et la 3D appliquées à l’éducation&nbsp;? Les casques à réalité virtuelle, de type Oculus Rift, gagneront-ils les salles de classe&nbsp;? En France, des lycées professionnels et technologiques testent déjà ce genre de dispositifs.</p>
</blockquote>
