{"version":"1.0","type":"rich","provider_name":"Site Pagestec","provider_url":"https:\/\/www.pagestec.org","title":"Education au d\u00e9veloppement durable et &quot;Paris Climat 2015&quot;","author_name":"no-spam@yourdomaine.com (An@\u00e9)","width":"480","height":"295","url":"https:\/\/pagestec.org\/article912.html","html":"\u003Ch4 class='title'\u003E\u003Ca href='https:\/\/pagestec.org\/article912.html'\u003EEducation au d\u00e9veloppement durable et &quot;Paris Climat 2015&quot;\u003C\/a\u003E\u003C\/h4\u003E\u003Cblockquote class='spip'\u003E\n\u003Cp\u003ELe minist\u00e8re s\u2019engage pour l\u2019\u00e9ducation au d\u00e9veloppement durable et pour \"Paris Climat 2015\", d\u00e9sign\u00e9 &#171;&nbsp;Grande Cause nationale 2015&nbsp;&#187;.2015, une ann\u00e9e particuli\u00e8re pour l\u2019\u00e9ducation au d\u00e9veloppement durable  L\u2019ann\u00e9e 2015 repr\u00e9sente une ann\u00e9e charni\u00e8re aux niveaux national et mondial en mati\u00e8re de d\u2019\u00e9ducation \u00e0 (...)\u003C\/p\u003E\n\u003C\/blockquote\u003E\n"}

Education au développement durable et &quot;Paris Climat 2015&quot;

no-spam@yourdomaine.com (An@é)

<h4 class='title'><a href='https://pagestec.org/article912.html'>Education au développement durable et &quot;Paris Climat 2015&quot;</a></h4><blockquote class='spip'>
<p>Le ministère s’engage pour l’éducation au développement durable et pour "Paris Climat 2015", désigné &#171;&nbsp;Grande Cause nationale 2015&nbsp;&#187;.2015, une année particulière pour l’éducation au développement durable  L’année 2015 représente une année charnière aux niveaux national et mondial en matière de d’éducation à (...)</p>
</blockquote>
