{"version":"1.0","type":"rich","provider_name":"Site Pagestec","provider_url":"https:\/\/www.pagestec.org","title":"\u00c9ditorial&nbsp;: L&#8217;informatique dans les nouveaux programmes \u00e0 l&#8217;\u00e9cole \u00e9l\u00e9mentaire, au coll\u00e8ge et au lyc\u00e9e.","author_name":"","width":"480","height":"295","url":"https:\/\/pagestec.org\/article913.html","html":"\u003Ch4 class='title'\u003E\u003Ca href='https:\/\/pagestec.org\/article913.html'\u003E\u00c9ditorial&nbsp;: L&#8217;informatique dans les nouveaux programmes \u00e0 l&#8217;\u00e9cole \u00e9l\u00e9mentaire, au coll\u00e8ge et au lyc\u00e9e.\u003C\/a\u003E\u003C\/h4\u003E\u003Cblockquote class='spip'\u003E\n\u003Cp\u003ELe 7 mai dernier, le Pr\u00e9sident de la R\u00e9publique a d\u00e9taill\u00e9 le plan pour le num\u00e9rique \u00e0 l\u2019\u00e9cole - d\u00e9j\u00e0 annonc\u00e9 en septembre 2014. Ce plan sera dot\u00e9 d\u2019une enveloppe d\u2019\"un milliard d\u2019euros sur trois ans\". Les d\u00e9partements devront fournir aux \u00e9l\u00e8ves un mat\u00e9riel p\u00e9dagogique de leur choix. M.&nbsp;Hollande s\u2019est (...)\u003C\/p\u003E\n\u003C\/blockquote\u003E\n"}

Éditorial&nbsp;: L&#8217;informatique dans les nouveaux programmes à l&#8217;école élémentaire, au collège et au lycée.

<h4 class='title'><a href='https://pagestec.org/article913.html'>Éditorial&nbsp;: L&#8217;informatique dans les nouveaux programmes à l&#8217;école élémentaire, au collège et au lycée.</a></h4><blockquote class='spip'>
<p>Le 7 mai dernier, le Président de la République a détaillé le plan pour le numérique à l’école - déjà annoncé en septembre 2014. Ce plan sera doté d’une enveloppe d’"un milliard d’euros sur trois ans". Les départements devront fournir aux élèves un matériel pédagogique de leur choix. M.&nbsp;Hollande s’est (...)</p>
</blockquote>
