{"version":"1.0","type":"rich","provider_name":"Site Pagestec","provider_url":"https:\/\/www.pagestec.org","title":"Mod\u00e8le r\u00e9el et mod\u00e8le num\u00e9rique","author_name":"Jean-Michel RAYNAUD","width":"480","height":"295","url":"https:\/\/pagestec.org\/article983.html","html":"\u003Ch4 class='title'\u003E\u003Ca href='https:\/\/pagestec.org\/article983.html'\u003EMod\u00e8le r\u00e9el et mod\u00e8le num\u00e9rique\u003C\/a\u003E\u003C\/h4\u003E\u003Cblockquote class='spip'\u003E\n\u003Cp\u003ELa s\u00e9ance pr\u00e9sent\u00e9e est la premi\u00e8re du centre d\u2019int\u00e9r\u00eat &#171;&nbsp;Comment \u00e7a tient&nbsp;?, comment r\u00e9alise-t-on un ouvrage&nbsp;?&nbsp;&#187;. Elle a pour support un projet de maison d\u2019un architecte Strasbourgeois. Le but pour...\u003C\/p\u003E\n\u003C\/blockquote\u003E\n"}

Modèle réel et modèle numérique

<h4 class='title'><a href='https://pagestec.org/article983.html'>Modèle réel et modèle numérique</a></h4><blockquote class='spip'>
<p>La séance présentée est la première du centre d’intérêt &#171;&nbsp;Comment ça tient&nbsp;?, comment réalise-t-on un ouvrage&nbsp;?&nbsp;&#187;. Elle a pour support un projet de maison d’un architecte Strasbourgeois. Le but pour...</p>
</blockquote>
